{"id":37,"date":"2023-09-11T11:33:15","date_gmt":"2023-09-11T11:33:15","guid":{"rendered":"https:\/\/kloster-notenson.com\/wordpress\/?page_id=37"},"modified":"2024-05-03T16:34:02","modified_gmt":"2024-05-03T16:34:02","slug":"servicios-services-2","status":"publish","type":"page","link":"https:\/\/kloster-notenson.com\/index.php\/servicios-services-2\/","title":{"rendered":"Servicios \/ Services"},"content":{"rendered":"\t\t<div data-elementor-type=\"wp-page\" data-elementor-id=\"37\" class=\"elementor elementor-37\">\n\t\t\t\t\t\t\t\t\t<section class=\"elementor-section elementor-top-section elementor-element elementor-element-823a687 elementor-section-boxed elementor-section-height-default elementor-section-height-default\" data-id=\"823a687\" data-element_type=\"section\">\n\t\t\t\t\t\t<div class=\"elementor-container elementor-column-gap-default\">\n\t\t\t\t\t<div class=\"elementor-column elementor-col-100 elementor-top-column elementor-element elementor-element-c880f5c\" data-id=\"c880f5c\" data-element_type=\"column\">\n\t\t\t<div class=\"elementor-widget-wrap elementor-element-populated\">\n\t\t\t\t\t\t\t\t<div class=\"elementor-element elementor-element-914be36 elementor-widget elementor-widget-heading\" data-id=\"914be36\" data-element_type=\"widget\" data-widget_type=\"heading.default\">\n\t\t\t\t<div class=\"elementor-widget-container\">\n\t\t\t<style>\/*! elementor - v3.14.0 - 18-06-2023 *\/\n.elementor-heading-title{padding:0;margin:0;line-height:1}.elementor-widget-heading .elementor-heading-title[class*=elementor-size-]>a{color:inherit;font-size:inherit;line-height:inherit}.elementor-widget-heading .elementor-heading-title.elementor-size-small{font-size:15px}.elementor-widget-heading .elementor-heading-title.elementor-size-medium{font-size:19px}.elementor-widget-heading .elementor-heading-title.elementor-size-large{font-size:29px}.elementor-widget-heading .elementor-heading-title.elementor-size-xl{font-size:39px}.elementor-widget-heading .elementor-heading-title.elementor-size-xxl{font-size:59px}<\/style><h1 class=\"elementor-heading-title elementor-size-xl\"><strong style=\"color: rgb(0, 0, 0); font-family: Montserrat, sans-serif; font-size: 16px; text-align: center; white-space-collapse: collapse;\">Proyectos de arquitectura e interiorismo<span class=\"Apple-converted-space\">&nbsp;<\/span><\/strong><\/h1>\t\t<\/div>\n\t\t\t\t<\/div>\n\t\t\t\t\t<\/div>\n\t\t<\/div>\n\t\t\t\t\t\t\t<\/div>\n\t\t<\/section>\n\t\t\t\t<section class=\"elementor-section elementor-top-section elementor-element elementor-element-45aa874 elementor-section-boxed elementor-section-height-default elementor-section-height-default\" data-id=\"45aa874\" data-element_type=\"section\">\n\t\t\t\t\t\t<div class=\"elementor-container elementor-column-gap-default\">\n\t\t\t\t\t<div class=\"elementor-column elementor-col-100 elementor-top-column elementor-element elementor-element-20e8d45\" data-id=\"20e8d45\" data-element_type=\"column\">\n\t\t\t<div class=\"elementor-widget-wrap elementor-element-populated\">\n\t\t\t\t\t\t\t\t<div class=\"elementor-element elementor-element-3dec8ca animated-slow elementor-invisible elementor-widget elementor-widget-text-editor\" data-id=\"3dec8ca\" data-element_type=\"widget\" data-settings=\"{&quot;_animation&quot;:&quot;fadeInUp&quot;}\" data-widget_type=\"text-editor.default\">\n\t\t\t\t<div class=\"elementor-widget-container\">\n\t\t\t<style>\/*! elementor - v3.14.0 - 18-06-2023 *\/\n.elementor-widget-text-editor.elementor-drop-cap-view-stacked .elementor-drop-cap{background-color:#69727d;color:#fff}.elementor-widget-text-editor.elementor-drop-cap-view-framed .elementor-drop-cap{color:#69727d;border:3px solid;background-color:transparent}.elementor-widget-text-editor:not(.elementor-drop-cap-view-default) .elementor-drop-cap{margin-top:8px}.elementor-widget-text-editor:not(.elementor-drop-cap-view-default) .elementor-drop-cap-letter{width:1em;height:1em}.elementor-widget-text-editor .elementor-drop-cap{float:left;text-align:center;line-height:1;font-size:50px}.elementor-widget-text-editor .elementor-drop-cap-letter{display:inline-block}<\/style>\t\t\t\t<p>\u00a0<\/p><p>Hacemos proyectos de obra nueva y reforma en todas sus etapas, desde los bocetos preliminares hasta la recepci\u00f3n de la obra terminada ofrecemos todo tipo de servicios de arquitectura.<\/p><p>Hemos puesto en marcha una modalidad de dise\u00f1o online, especialmente \u00fatil en el caso de peque\u00f1as reformas , que permite al cliente tener una propuesta para su proyecto sin necesidad de desplazarse, y la libertad de decidir con qui\u00e9n y cu\u00e1ndo llevarlo a cabo.<span class=\"Apple-converted-space\">\u00a0<\/span><\/p><p>El proyecto de interiorismo se coordina generalmente con el de arquitectura para reducir el<span class=\"Apple-converted-space\">\u00a0 <\/span>tiempo de realizaci\u00f3n y costes.<span class=\"Apple-converted-space\">\u00a0<\/span><\/p><p><strong><i>Architecture and interior design projects<span class=\"Apple-converted-space\">\u00a0<\/span><\/i><\/strong><\/p><p><i>We work on new construction and renovation projects at all stages, from the preliminary sketches to the reception of the finished work.<\/i><\/p><p><i>We have set up an online design modality, especially useful in the case of small refurbishments, which allows the client to have a proposal for their project without having to travel, and the freedom to decide with whom and when to carry it out.<span class=\"Apple-converted-space\">\u00a0<\/span><\/i><\/p><p><i>The interior design project is generally coordinated with the architecture project to reduce time and costs.<\/i><\/p><p><strong>Direcci\u00f3n de Obras<\/strong><\/p><p>Direcci\u00f3n de las obras de proyectos visados en sus etapas anteriores.<\/p><p><strong><i>Construction management<\/i><\/strong><\/p><p><i>Management of the construction of projects approved in their previous stages.<\/i><\/p><p><strong>Gesti\u00f3n \/ Informes<\/strong><\/p><p>Gestionamos Licencias de Obra y de Primera Ocupaci\u00f3n. Realizamos Informes Urban\u00edsticos.<\/p><p>Expedientes de legalizaci\u00f3n, con documentaci\u00f3n y memorias cuando son requeridos.<\/p><p><strong><i>Procedures \/ Reports<\/i><\/strong><\/p><p><i>We manage Building Licences and First Occupancy Licences and carry out Urban Planning Reports.<\/i><\/p><p><i>Legalisation files, with documentation and reports when required.<\/i><\/p><p><strong>Infograf\u00eda para inmobiliarias<\/strong><\/p><p>Planos de venta y Renders<span class=\"Apple-converted-space\">\u00a0 <\/span>para elaboraci\u00f3n de portfolios de inmobiliaria.<\/p><p><strong><i>Infographics for real estate<\/i><\/strong><\/p><p><i>Sales plans and renderings for real estate portfolios.<\/i><\/p>\t\t\t\t\t\t<\/div>\n\t\t\t\t<\/div>\n\t\t\t\t<section class=\"elementor-section elementor-inner-section elementor-element elementor-element-4ee242e elementor-section-boxed elementor-section-height-default elementor-section-height-default\" data-id=\"4ee242e\" data-element_type=\"section\">\n\t\t\t\t\t\t<div class=\"elementor-container elementor-column-gap-default\">\n\t\t\t\t\t<div class=\"elementor-column elementor-col-50 elementor-inner-column elementor-element elementor-element-1fc24fe\" data-id=\"1fc24fe\" data-element_type=\"column\">\n\t\t\t<div class=\"elementor-widget-wrap\">\n\t\t\t\t\t\t\t\t\t<\/div>\n\t\t<\/div>\n\t\t\t\t<div class=\"elementor-column elementor-col-50 elementor-inner-column elementor-element elementor-element-b5196c2\" data-id=\"b5196c2\" data-element_type=\"column\">\n\t\t\t<div class=\"elementor-widget-wrap\">\n\t\t\t\t\t\t\t\t\t<\/div>\n\t\t<\/div>\n\t\t\t\t\t\t\t<\/div>\n\t\t<\/section>\n\t\t\t\t\t<\/div>\n\t\t<\/div>\n\t\t\t\t\t\t\t<\/div>\n\t\t<\/section>\n\t\t\t\t<section class=\"elementor-section elementor-top-section elementor-element elementor-element-7e3374d elementor-section-boxed elementor-section-height-default elementor-section-height-default\" data-id=\"7e3374d\" data-element_type=\"section\">\n\t\t\t\t\t\t<div class=\"elementor-container elementor-column-gap-default\">\n\t\t\t\t\t<div class=\"elementor-column elementor-col-100 elementor-top-column elementor-element elementor-element-f8d9036\" data-id=\"f8d9036\" data-element_type=\"column\">\n\t\t\t<div class=\"elementor-widget-wrap elementor-element-populated\">\n\t\t\t\t\t\t\t\t<div class=\"elementor-element elementor-element-f87b29c elementor-widget elementor-widget-button\" data-id=\"f87b29c\" data-element_type=\"widget\" data-widget_type=\"button.default\">\n\t\t\t\t<div class=\"elementor-widget-container\">\n\t\t\t\t\t<div class=\"elementor-button-wrapper\">\n\t\t\t<a class=\"elementor-button elementor-button-link elementor-size-sm\" href=\"https:\/\/kloster-notenson.com\/index.php\/portfolio\/\">\n\t\t\t\t\t\t<span class=\"elementor-button-content-wrapper\">\n\t\t\t\t\t\t<span class=\"elementor-button-text\">Ver Proyectos<\/span>\n\t\t<\/span>\n\t\t\t\t\t<\/a>\n\t\t<\/div>\n\t\t\t\t<\/div>\n\t\t\t\t<\/div>\n\t\t\t\t\t<\/div>\n\t\t<\/div>\n\t\t\t\t\t\t\t<\/div>\n\t\t<\/section>\n\t\t\t\t\t\t\t<\/div>\n\t\t","protected":false},"excerpt":{"rendered":"<p>Proyectos de arquitectura e interiorismo&nbsp; \u00a0 Hacemos proyectos de obra nueva y reforma en todas sus etapas, desde los bocetos preliminares hasta la recepci\u00f3n de la obra terminada ofrecemos todo tipo de servicios de arquitectura. Hemos puesto en marcha una modalidad de dise\u00f1o online, especialmente \u00fatil en el caso de peque\u00f1as reformas , que permite al cliente tener una propuesta para su proyecto sin necesidad de desplazarse, y la libertad de decidir con qui\u00e9n y [&hellip;]<\/p>\n","protected":false},"author":1,"featured_media":0,"parent":0,"menu_order":0,"comment_status":"closed","ping_status":"closed","template":"","meta":{"footnotes":""},"class_list":["post-37","page","type-page","status-publish","hentry"],"yoast_head":"<!-- This site is optimized with the Yoast SEO plugin v22.5 - https:\/\/yoast.com\/wordpress\/plugins\/seo\/ -->\n<title>Servicios \/ Services - Kloster-Notenson<\/title>\n<meta name=\"description\" content=\"Descubre nuestro servicio de arquitectura en Marbella. Desde dise\u00f1o de interiores hasta gesti\u00f3n de proyectos, ofrecemos soluciones innovadoras.\" \/>\n<meta name=\"robots\" content=\"index, follow, max-snippet:-1, max-image-preview:large, max-video-preview:-1\" \/>\n<link rel=\"canonical\" href=\"https:\/\/kloster-notenson.com\/index.php\/servicios-services-2\/\" \/>\n<meta property=\"og:locale\" content=\"es_ES\" \/>\n<meta property=\"og:type\" content=\"article\" \/>\n<meta property=\"og:title\" content=\"Servicios \/ Services - Kloster-Notenson\" \/>\n<meta property=\"og:description\" content=\"Descubre nuestro servicio de arquitectura en Marbella. Desde dise\u00f1o de interiores hasta gesti\u00f3n de proyectos, ofrecemos soluciones innovadoras.\" \/>\n<meta property=\"og:url\" content=\"https:\/\/kloster-notenson.com\/index.php\/servicios-services-2\/\" \/>\n<meta property=\"og:site_name\" content=\"Kloster-Notenson\" \/>\n<meta property=\"article:modified_time\" content=\"2024-05-03T16:34:02+00:00\" \/>\n<meta name=\"twitter:card\" content=\"summary_large_image\" \/>\n<meta name=\"twitter:label1\" content=\"Tiempo de lectura\" \/>\n\t<meta name=\"twitter:data1\" content=\"2 minutos\" \/>\n<script type=\"application\/ld+json\" class=\"yoast-schema-graph\">{\"@context\":\"https:\/\/schema.org\",\"@graph\":[{\"@type\":\"WebPage\",\"@id\":\"https:\/\/kloster-notenson.com\/index.php\/servicios-services-2\/\",\"url\":\"https:\/\/kloster-notenson.com\/index.php\/servicios-services-2\/\",\"name\":\"Servicios \/ Services - Kloster-Notenson\",\"isPartOf\":{\"@id\":\"https:\/\/kloster-notenson.com\/#website\"},\"datePublished\":\"2023-09-11T11:33:15+00:00\",\"dateModified\":\"2024-05-03T16:34:02+00:00\",\"description\":\"Descubre nuestro servicio de arquitectura en Marbella. Desde dise\u00f1o de interiores hasta gesti\u00f3n de proyectos, ofrecemos soluciones innovadoras.\",\"breadcrumb\":{\"@id\":\"https:\/\/kloster-notenson.com\/index.php\/servicios-services-2\/#breadcrumb\"},\"inLanguage\":\"es\",\"potentialAction\":[{\"@type\":\"ReadAction\",\"target\":[\"https:\/\/kloster-notenson.com\/index.php\/servicios-services-2\/\"]}]},{\"@type\":\"BreadcrumbList\",\"@id\":\"https:\/\/kloster-notenson.com\/index.php\/servicios-services-2\/#breadcrumb\",\"itemListElement\":[{\"@type\":\"ListItem\",\"position\":1,\"name\":\"Portada\",\"item\":\"https:\/\/kloster-notenson.com\/\"},{\"@type\":\"ListItem\",\"position\":2,\"name\":\"Servicios \/ Services\"}]},{\"@type\":\"WebSite\",\"@id\":\"https:\/\/kloster-notenson.com\/#website\",\"url\":\"https:\/\/kloster-notenson.com\/\",\"name\":\"Kloster-Notenson\",\"description\":\"Arquitectura \/ Architecture\",\"publisher\":{\"@id\":\"https:\/\/kloster-notenson.com\/#organization\"},\"potentialAction\":[{\"@type\":\"SearchAction\",\"target\":{\"@type\":\"EntryPoint\",\"urlTemplate\":\"https:\/\/kloster-notenson.com\/?s={search_term_string}\"},\"query-input\":\"required name=search_term_string\"}],\"inLanguage\":\"es\"},{\"@type\":\"Organization\",\"@id\":\"https:\/\/kloster-notenson.com\/#organization\",\"name\":\"Kloster-Notenson\",\"url\":\"https:\/\/kloster-notenson.com\/\",\"logo\":{\"@type\":\"ImageObject\",\"inLanguage\":\"es\",\"@id\":\"https:\/\/kloster-notenson.com\/#\/schema\/logo\/image\/\",\"url\":\"https:\/\/kloster-notenson.com\/wp-content\/uploads\/2023\/09\/cropped-Logo-color-BLANCO-P.png\",\"contentUrl\":\"https:\/\/kloster-notenson.com\/wp-content\/uploads\/2023\/09\/cropped-Logo-color-BLANCO-P.png\",\"width\":709,\"height\":670,\"caption\":\"Kloster-Notenson\"},\"image\":{\"@id\":\"https:\/\/kloster-notenson.com\/#\/schema\/logo\/image\/\"}}]}<\/script>\n<!-- \/ Yoast SEO plugin. -->","yoast_head_json":{"title":"Servicios \/ Services - Kloster-Notenson","description":"Descubre nuestro servicio de arquitectura en Marbella. Desde dise\u00f1o de interiores hasta gesti\u00f3n de proyectos, ofrecemos soluciones innovadoras.","robots":{"index":"index","follow":"follow","max-snippet":"max-snippet:-1","max-image-preview":"max-image-preview:large","max-video-preview":"max-video-preview:-1"},"canonical":"https:\/\/kloster-notenson.com\/index.php\/servicios-services-2\/","og_locale":"es_ES","og_type":"article","og_title":"Servicios \/ Services - Kloster-Notenson","og_description":"Descubre nuestro servicio de arquitectura en Marbella. Desde dise\u00f1o de interiores hasta gesti\u00f3n de proyectos, ofrecemos soluciones innovadoras.","og_url":"https:\/\/kloster-notenson.com\/index.php\/servicios-services-2\/","og_site_name":"Kloster-Notenson","article_modified_time":"2024-05-03T16:34:02+00:00","twitter_card":"summary_large_image","twitter_misc":{"Tiempo de lectura":"2 minutos"},"schema":{"@context":"https:\/\/schema.org","@graph":[{"@type":"WebPage","@id":"https:\/\/kloster-notenson.com\/index.php\/servicios-services-2\/","url":"https:\/\/kloster-notenson.com\/index.php\/servicios-services-2\/","name":"Servicios \/ Services - Kloster-Notenson","isPartOf":{"@id":"https:\/\/kloster-notenson.com\/#website"},"datePublished":"2023-09-11T11:33:15+00:00","dateModified":"2024-05-03T16:34:02+00:00","description":"Descubre nuestro servicio de arquitectura en Marbella. Desde dise\u00f1o de interiores hasta gesti\u00f3n de proyectos, ofrecemos soluciones innovadoras.","breadcrumb":{"@id":"https:\/\/kloster-notenson.com\/index.php\/servicios-services-2\/#breadcrumb"},"inLanguage":"es","potentialAction":[{"@type":"ReadAction","target":["https:\/\/kloster-notenson.com\/index.php\/servicios-services-2\/"]}]},{"@type":"BreadcrumbList","@id":"https:\/\/kloster-notenson.com\/index.php\/servicios-services-2\/#breadcrumb","itemListElement":[{"@type":"ListItem","position":1,"name":"Portada","item":"https:\/\/kloster-notenson.com\/"},{"@type":"ListItem","position":2,"name":"Servicios \/ Services"}]},{"@type":"WebSite","@id":"https:\/\/kloster-notenson.com\/#website","url":"https:\/\/kloster-notenson.com\/","name":"Kloster-Notenson","description":"Arquitectura \/ Architecture","publisher":{"@id":"https:\/\/kloster-notenson.com\/#organization"},"potentialAction":[{"@type":"SearchAction","target":{"@type":"EntryPoint","urlTemplate":"https:\/\/kloster-notenson.com\/?s={search_term_string}"},"query-input":"required name=search_term_string"}],"inLanguage":"es"},{"@type":"Organization","@id":"https:\/\/kloster-notenson.com\/#organization","name":"Kloster-Notenson","url":"https:\/\/kloster-notenson.com\/","logo":{"@type":"ImageObject","inLanguage":"es","@id":"https:\/\/kloster-notenson.com\/#\/schema\/logo\/image\/","url":"https:\/\/kloster-notenson.com\/wp-content\/uploads\/2023\/09\/cropped-Logo-color-BLANCO-P.png","contentUrl":"https:\/\/kloster-notenson.com\/wp-content\/uploads\/2023\/09\/cropped-Logo-color-BLANCO-P.png","width":709,"height":670,"caption":"Kloster-Notenson"},"image":{"@id":"https:\/\/kloster-notenson.com\/#\/schema\/logo\/image\/"}}]}},"_links":{"self":[{"href":"https:\/\/kloster-notenson.com\/index.php\/wp-json\/wp\/v2\/pages\/37","targetHints":{"allow":["GET"]}}],"collection":[{"href":"https:\/\/kloster-notenson.com\/index.php\/wp-json\/wp\/v2\/pages"}],"about":[{"href":"https:\/\/kloster-notenson.com\/index.php\/wp-json\/wp\/v2\/types\/page"}],"author":[{"embeddable":true,"href":"https:\/\/kloster-notenson.com\/index.php\/wp-json\/wp\/v2\/users\/1"}],"replies":[{"embeddable":true,"href":"https:\/\/kloster-notenson.com\/index.php\/wp-json\/wp\/v2\/comments?post=37"}],"version-history":[{"count":13,"href":"https:\/\/kloster-notenson.com\/index.php\/wp-json\/wp\/v2\/pages\/37\/revisions"}],"predecessor-version":[{"id":6864,"href":"https:\/\/kloster-notenson.com\/index.php\/wp-json\/wp\/v2\/pages\/37\/revisions\/6864"}],"wp:attachment":[{"href":"https:\/\/kloster-notenson.com\/index.php\/wp-json\/wp\/v2\/media?parent=37"}],"curies":[{"name":"wp","href":"https:\/\/api.w.org\/{rel}","templated":true}]}}